 = 0. What is the highest common divisor of a and t?
14
Suppose -55*t = -57*t + 6. Suppose -n + 30 = 2*n. Suppose 3*s - 23 = -l, 4*s = -n*l + 5*l + 16. Calculate the highest common factor of s and t.
3
Let z(h) = 52*h**3 + 2*h - 2. Let d be z(1). Let y = -35 + d. Calculate the highest common divisor of 136 and y.
17
Let g(l) = -l**3 + 29*l**2 + 30*l + 225. Let w be g(24). What is the greatest common divisor of w and 459?
153
Suppose 14*q = 17*q - 27. Let t be 5/(-3)*(q - 57). Let n be (6/(-5))/(((-4)/t)/1). Calculate the greatest common factor of n and 48.
24
Let k be 268 - 18 - (9 + -1). Calculate the greatest common factor of 2200 and k.
22
Suppose 0 = -d + 3, 10*q - 5*d = 7*q - 6. Let k(p) = 2*p**3 - 4*p**2 + 4*p - 8. Let z be k(q). What is the greatest common factor of 297 and z?
11
Let j(w) = 113*w + 854. Let k be j(-7). What is the highest common divisor of 98 and k?
7
Let l be 46 + 5 + (5 - 18). What is the highest common divisor of 133 and l?
19
Let h(z) = -68*z - 3998. Let l be h(-61). Calculate the greatest common factor of l and 84.
6
Let s = 1632 + -306. Let h = -833 + s. Calculate the highest common factor of 17 and h.
17
Let w be (-27)/(6480/(-5728)) + (-8)/(-60). Let d(x) = 8*x**2 - 4*x - 8. Let g be d(6). Calculate the greatest common factor of w and g.
8
Let a = 117 + -107. Suppose a*c = 3*c - 7. Let h be 2/c - (-13 - -14) - -123. Calculate the highest common divisor of 24 and h.
24
Let t be ((-2)/(-4))/(1/168). Let d(r) = 1806*r - 41475. Let b be d(23). What is the greatest common factor of t and b?
21
Suppose -3*y + 75 + 144 = 0. Suppose 0 = -3*r - 4*g + 39, -30 = -4*g - g. Suppose -r*m + y = -27. Calculate the greatest common factor of m and 70.
10
Let m be (394/12)/(33/2178). Calculate the highest common factor of m and 11.
11
Suppose 8*x - 2 = 7*x. Let y(z) = 18*z + 7. Let j be y(x). Let s = j + 12. What is the highest common divisor of 33 and s?
11
Let q(u) = -u**2 + 228*u - 2535. Let h be q(12). What is the highest common divisor of h and 474?
3
Suppose 40*t - 17891 + 4252 - 12881 = 0. Calculate the greatest common factor of 2295 and t.
51
Let r(s) = -51*s - 4865. Let y be r(-96). Let o be 3414/10 + (-4)/10. Calculate the highest common factor of o and y.
31
Let g(a) = 124*a + 7094. Let x be g(-54). Calculate the highest common divisor of 4 and x.
2
Let x be (-3)/6*2 + 49 - (251 + -242). Let q be -3*-1*(1 + 2). Suppose 5*g - z - 56 = q, -z + 26 = 2*g. What is the highest common factor of g and x?
13
Let d(w) = -w**2 - 23*w - 87. Let x be d(-12). Let g = 47 + -20. Let t = x - g. What is the greatest common divisor of t and 90?
18
Suppose -48*m + 10*m - 9*m + 2303 = 0. What is the greatest common factor of m and 3577?
49
Let z = -59 + 102. Suppose -60*p = -85*p + 50. Let x = z - p. What is the greatest common divisor of x and 82?
41
Let r(p) = 2*p**2 + 19*p + 66. Let t be r(-12). Calculate the highest common factor of 4032 and t.
126
Let v be 0 + 33 - (-1 + 2). Let q be (-3 - -121) + 94/(-14) + (-745)/(-1043). Calculate the highest common factor of v and q.
16
Suppose 6*g = g - 2*v - 11, 5*g = -v - 8. Let j be ((-522)/232)/(g/((-48)/(-1))). Calculate the greatest common divisor of j and 36.
36
Suppose -167*d - 778 = -168*d + 4*q, -4*d = -4*q - 3100. What is the highest common factor of 1247 and d?
43
Suppose -5*l = 2*v - 419, -5*v + 155 = 54*l - 52*l. Suppose -4*y = -0*q - 3*q + 51, 0 = y. Calculate the highest common divisor of q and l.
17
Let b = -489 - -688. Let f = -123 + b. Suppose f = 5*w + z, 42 = 3*w + 5*z + 14. What is the highest common factor of 64 and w?
16
Let f = -566 - -1588. What is the highest common divisor of f and 14?
14
Let f(q) = 7*q**3 + q**2 - 2*q + 4. Let g = 78 + -63. Let d be (-2)/(3*(-5)/g). Let r be f(d). What is the greatest common factor of 30 and r?
30
Suppose 4*p - 146 = -2*z - 0*z, 5*z - p - 310 = 0. Let w = 65 - z. Suppose 0 = 10*n - 88 - w. Calculate the highest common divisor of n and 117.
9
Let l = -310 - -370. What is the highest common divisor of l and 5220?
60
Suppose 3*x + 140 = 5*x + 2*w, 0 = 3*w - 12. Suppose 0 = 2764*r - 2713*r - 16830. What is the greatest common factor of r and x?
66
Let n = -8726 + 17094. What is the greatest common factor of n and 32?
16
Let k(i) = -19*i - 13. Suppose 5*q = -4*o - 13, 5*o + 12 - 1 = -q. Let c be k(q). What is the highest common factor of 36 and c?
6
Suppose -1 = -r + 2. Suppose 5*z = q + 126, 5*q = -23*z + 21*z + 18. What is the highest common factor of z and r?
3
Suppose -10 - 18 = -5*s + 2*l, -2*s = 3*l + 4. Suppose -2*h = -5*q - 598, h - s*q - 299 = q. Calculate the highest common divisor of 23 and h.
23
Suppose 0 = 4*l + 3*b - 3051, -385*b + 384*b - 3809 = -5*l. What is the highest common divisor of l and 7366?
254
Let f(w) = 98*w - 1291. Let t be f(18). What is the greatest common factor of t and 297?
11
Suppose 21*j = 28*j + 12*j - 229710. Calculate the highest common divisor of j and 90.
30
Suppose -355*r + 2964 = -359*r + 8608. Calculate the highest common divisor of r and 68.
17
Let c be 6/(-27) - (-5)/(90/832). Suppose -y + c = -g + 5*g, 47 = 5*g - 4*y. Calculate the greatest common divisor of 143 and g.
11
Let g be 27/(-12)*(8/(-20) - (-28)/(-30)). What is the highest common factor of g and 555?
3
Suppose -44*f - 6137 = -61*f. Let s = f - 328. Calculate the highest common divisor of s and 6.
3
Suppose -4*c - 16 = 0, -5*i + 5*c + 1233 = 373. Suppose 39*k = -39*k + 390. Suppose k*h = -i + 243. Calculate the greatest common factor of h and 75.
15
Let k = -445 + 463. Suppose -i = -5*t + 31, 4*t + 2*i + k - 40 = 0. Suppose 14 + 4 = 3*p. Calculate the greatest common divisor of p and t.
6
Let d(q) = 6*q**2 + 2839*q - 17126. Let n be d(6). Let h = 61 - -94. What is the highest common factor of n and h?
31
Suppose 2*z - 953 = -811. What is the greatest common divisor of 11573 and z?
71
Let a = 123 + -123. Suppose a = -3*t - 2*q + 42 + 60, 4*q + 12 = 0. Suppose 41*u = t*u + 35. Calculate the highest common factor of u and 35.
7
Suppose 253*a - 108114 = -31*a + 62*a. Calculate the highest common factor of a and 1.
1
Suppose 153*b = 161*b - 328. Suppose 1533 = 2*q + 5*i, -q = -3*i - 1160 + 366. Calculate the greatest common factor of b and q.
41
Let k be 1274/10 - 2460/1025. Calculate the greatest common divisor of 5500 and k.
125
Let l be 2330 + -2225 - 55/1. Let z = 224 - 94. What is the greatest common divisor of z and l?
10
Let h be (-14)/77 - (-4 - 27336/187). Let l(c) = -10*c. Let k be l(-4). Calculate the highest common divisor of k and h.
10
Let o be 16/20 + ((-1048)/(-40) - 7). Calculate the greatest common factor of o and 160.
20
Let l = 38 - 33. Let w = 4 - l. Let g be (-4 - (3 - -1))/w. What is the greatest common factor of g and 32?
8
Suppose -199 + 269 = 14*q. Let m = 4 - 3. Let v = 4 + m. Calculate the highest common factor of q and v.
5
Let w be (7 - 1)*(-19)/(-57). Suppose -w*o - 362 = -1088. Calculate the highest common divisor of 33 and o.
33
Suppose -354 - 537 = -2364*v + 2355*v. Let l be 2/8 - (-1053)/12. Calculate the greatest common divisor of l and v.
11
Suppose -4*a - 64 = -4*g, 3*g + a - 41 = -3*a. Suppose 105 = 4*r - 3*v, 2*v + v + 15 = r. What is the greatest common divisor of g and r?
15
Let n be ((-3)/((-27)/(-777)))/((-62)/1302). Calculate the highest common divisor of 37 and n.
37
Suppose 0 = 2*z - 60 - 10. Suppose -2*c = -0*c - 62. Let n = c - 21. What is the greatest common divisor of z and n?
5
Let d(s) = 31*s + s**3 + 7 + 7 - 11*s**2 - 3 - 5. Let x be d(10). Suppose 3*r - 74 - 7 = 0. Calculate the greatest common divisor of x and r.
27
Let h(t) = -6*t**2 + 4*t - 8. Let m be h(3). Let i = -53 - m. Let v be (49 - -7) + (i - -1). What is the greatest common divisor of 36 and v?
18
Let m be ((-900)/7)/(8/(-1540)). What is the greatest common factor of m and 22?
22
Let p be -1*1 + 146 + -1. Suppose 9*j = 234*n - 238*n + 137, -5*j - 27 = -n. Calculate the highest common factor of p and n.
16
Suppose -19*y = 8*y - 81. Let c be (-8)/(45/(-54) + y/(-18)). Suppose v + 20 = 76. Calculate the highest common factor of c and v.
8
Let o = 321 - 342. Let t be (98/o)/(2/(-39) - 0). Calculate the greatest common factor of t and 65.
13
Suppose x - 22 = 3*i, 0 = -5*x - 3*i + 145 - 53. Let a = -343 - -666. Calculate the 